) = -m**2 - 5*m + 5. Let j(y) = 8*y - 5*y**2 - 41 + 6*y**2 + 3. Let i be j(-11). Calculate x(i).
5
Let a(q) = 27*q**2 + 4*q + 12. Let g(l) = -7*l**2 - l + 1. Let r(w) = a(w) + 4*g(w). What is r(-4)?
0
Suppose 18 = -3*m + 4*a - 2*a, 2*a - 30 = 5*m. Let z(g) = -g**2 - 6*g - 9. Let w be z(m). Let t(d) = -d**3 - 10*d**2 - 9*d - 12. What is t(w)?
-12
Let c(u) = -22*u**2 + 7*u - 2. Let o = -890 + 885. Let d(n) = -11*n**2 + 4*n - 1. Let w(z) = o*d(z) + 3*c(z). Give w(1).
-11
Let f = -57474 - -57474. Let i(w) = w**3 - w**2 - 5*w - 11. Let m(t) = t**3 - t**2 - 6*t - 12. Let u(k) = 6*i(k) - 5*m(k). Calculate u(f).
-6
Let x(q) = -q**3 - 11*q**2 - 23*q - 19. Suppose -2016 = 126*i + 98*i. Determine x(i).
26
Let o(h) = -13*h**2 - 5*h + 6. Let a be o(7). Let d = -669 - a. Let n(u) = -2*u**2 - 2*u. What is n(d)?
-12
Let t(x) be the third derivative of -7*x**4/24 + x**3/2 + 26*x**2 - 24*x. Give t(2).
-11
Let z(v) = 2*v - 1027*v**2 + 0*v + 1 - 4*v - v**3 + 511*v**2 + 520*v**2. Determine z(4).
-7
Let y(f) = -4*f**2 - 4*f + 8. Suppose 0 = -6*n - 40 + 10. Let x(k) = -7*k**2 - 6*k + 15. Let u(g) = n*y(g) + 3*x(g). Calculate u(4).
-3
Let c(y) be the first derivative of -3*y**2 + y + 1. Let n(u) = -u**3 - 85*u**2 - 550*u - 311. Let d be n(-78). Determine c(d).
-5
Let n(k) = -k - 3. Let v be 5 - 4*(-2)/(-4). Suppose -2 = -4*s + 3*c + 1, -5*s + v*c = -6. Suppose 10*m + s = -57. Determine n(m).
3
Let q be (-470)/(-188) + (-2)/(4/455). Let z = 227 + q. Let t(w) = -2*w**2 + w. Determine t(z).
-6
Let v(m) = 9*m**2 - 2*m + 3. Let n(t) = -2*t**2 + 40*t + 315. Let u be n(26). Give v(u).
78
Let g = 37 - 34. Suppose 2*c = g*c - 3. Let r(j) = j - j**3 + j**c - j**3 + 2 + 4*j**2 - 5. Calculate r(3).
9
Let d(l) = l - 12. Suppose -4*w - 290 = -3*m + 306, m - 188 = 4*w. Suppose -y - 3*y = -m. Let g = y - 45. What is d(g)?
-6
Let v(h) = h**3 - 15*h**2 + 13*h + 32. Let d(g) = 45*g - 76. Let t be d(2). What is v(t)?
18
Suppose -q + 2 = 1. Let l = 208 + -68. Let k(w) = l*w + 131*w + 1 - 281*w. Determine k(q).
-9
Let l(q) be the first derivative of 2*q**3/3 + 5*q**2/2 + 6*q + 3564. Determine l(5).
81
Let p(b) = 31*b**3 + 1 + 16*b**2 + 9*b**2 - 42*b**2 - 48*b**3 + 14*b**2. Calculate p(-1).
15
Let d(z) = -107*z - 14. Let j(o) = -58*o - 6. Let f(t) = 6*d(t) - 11*j(t). Give f(-5).
2
Let b(w) = 13*w**3 + 7*w**2 + 9*w - 9. Let h(f) = -6*f**3 - 3*f**2 - 4*f + 4. Let a(u) = -2*b(u) - 5*h(u). Let j = 55677 + -55675. Determine a(j).
38
Let f(m) = -22*m**2 - 20*m**2 + 20 - 44*m**2 + 63*m**2 + 5*m - 33*m - 2*m**3. Give f(-10).
0
Let i(j) = -3*j. Let n(w) = 2*w. Let v(k) = -3*i(k) - 4*n(k). Let p(b) = 2*b - 13. Let f(x) = p(x) - 3*v(x). Let m be 2076/(-192) - (-33)/(-176). What is f(m)?
-2
Let b(j) be the third derivative of j**5/60 - j**4/2 + 24*j**2 - 4. What is b(5)?
-35
Let p(f) = 7*f + 2 + 3 - 49 + 20 - 2*f. Calculate p(4).
-4
Let h = -6556 + 6564. Let f(r) = -r**2 + 13*r - 53. Determine f(h).
-13
Suppose 0 = 2*a + 2*a - 128. Suppose 0 = p + 3*p - a. Suppose -48 = -p*t - 0. Let w(o) = o - 4. What is w(t)?
2
Suppose -5*o - 5*p = -o - 57, 0 = 4*o - 4*p - 48. Let m = o + -21. Let j(l) = 4030 + l - 8055 + 4033. Give j(m).
0
Let m be ((-106)/1378)/((-4)/26)*-4. Let b(s) = 0 + 2 - 3. Let k(o) = 3*o - 1. Let z(a) = m*b(a) + k(a). Calculate z(7).
22
Let i(n) = -n**3 + 11*n**2 - 10*n - 12. Suppose -8*r + 1153 = -687. Let u = r + -220. Calculate i(u).
-12
Let m(t) = -t**2 + 11*t - 7. Let l = -116 - -110. Let b(a) be the third derivative of a**4/24 + 5*a**3/2 + 15*a**2. Let d be b(l). What is m(d)?
11
Let b(y) = -5*y**2 - 2*y + 6. Let i be b(-2). Let u(m) = 2*m + 174 + 180 - 341. Determine u(i).
-7
Suppose 4*b - 2*o + 0 = -6, 0 = -3*o + 3. Let u(m) be the second derivative of m**5/5 - 32*m - 5. Calculate u(b).
-4
Let f(n) = 2*n**2 - 2*n + 4*n - 45 + n**2 + 0*n - 3*n. Let q be f(-4). Let b(x) = 1 + 3 - 3*x**2 - 6*x - x**3 + 6*x**2 + 5*x**2. What is b(q)?
11
Suppose -4*c - 4*i = -0*c - 12, c + 4*i - 15 = 0. Let x(f) = -4*f**3 + f**2 - 1. Let j(g) = -19*g**3 - 2*g - 3. Let z(d) = j(d) - 2*x(d). Determine z(c).
10
Suppose -2*s - 8*s = -20. Suppose 8*t = -s*t + 20. Let x be 0/(t - (1 - -3)). Let k(i) = i**3 + i**2 - 1. What is k(x)?
-1
Let k(c) = 7*c + 44. Let y = -882 - -875. Give k(y).
-5
Let s be 1/(3/(-867))*2/(-2). Let j = s - 284. Let o(p) = p**3 - 3*p**2 - 6*p - 6. Give o(j).
14
Let z(k) = -5*k**2 + k + 1. Let d = -10481 - -10486. Let y(t) be the first derivative of t**3/3 - 4*t**2 + 17*t + 2. Let v be y(d). Determine z(v).
-17
Let t(u) be the first derivative of u**4/4 - 7*u**3/3 + 4*u**2 + 7*u + 1074. Calculate t(4).
-9
Let a(w) = -w - 1. Let t(b) be the second derivative of b**3/6 + b**2/2 + 3*b. Let d(o) = a(o) + 2*t(o). Let u = -3698 - -3701. Calculate d(u).
4
Suppose -2 + 8 = 3*z. Let a be -4*(1 + (-3)/2)*z. Let b(d) = 4*d**2 + a*d**2 + 5 + 2*d + 5*d - 2 + d**3. Give b(-7).
3
Let n(v) = v**2 + 2*v - 1. Let i be n(-2). Let b be (-2 - i*2)/(5 - 4). Suppose 5*k + k = b. Let r(z) = z + 2. Determine r(k).
2
Let u(n) = 5*n. Let l be 319 - (0/(-3 + 0) - 5). Let j = 330 - l. Calculate u(j).
30
Let p = 238 + -234. Let m(r) = -r**3 - r**2 + 1. Let k(w) = 7*w**3 + 3*w**2 + 2*w - 8. Let s(b) = -k(b) - 6*m(b). Determine s(p).
-22
Let n(y) = 3*y + 15. Let d(i) = -3*i - 20. Let a be d(-5). Let j be n(a). Let c(g) = 0 + j + 2 - 3 + 2*g + 2*g**2. Give c(2).
11
Let z(c) = 2*c - 5. Suppose 41*b + 22*b = 0. Calculate z(b).
-5
Suppose 2*v + 2*v = -24. Let a be (-1)/1 - (68 + -63). Let w(s) = 2*s**2 - 3*s + 16. Let h(t) = t**2 - t + 7. Let d(r) = a*w(r) + 13*h(r). Calculate d(v).
1
Let j(b) = -19*b + 33. Let g(f) = 3*f - 3. Let n(x) = -6*g(x) - j(x). What is n(21)?
6
Let t(b) = 27*b**2 + 28*b**2 - 79*b**2 - 21*b - 232 + 25*b**2 + 36. Give t(28).
0
Let n(m) = m**2 - 5*m - 2. Let t = 32 + -27. Suppose 0 = -2*d + 3 + t. Suppose 2*b - 37 = 5*l, l = 5*b - d*l - 55. Calculate n(b).
4
Let v be (-2)/20 - 2394/(-140). Let m(r) = -v - r**3 + 345*r - 171*r - 173*r. Calculate m(0).
-17
Let d(m) = -m**2 - m + 20. Let x(v) = -9*v**2 + 6*v + 135. Let k(y) = 7*d(y) - x(y). Calculate k(5).
-10
Let p(y) = 26*y - 10 + 3 + 21 + 2. Let v be p(-1). Let n(j) = -j**2 - 11*j - 8. Give n(v).
2
Let z(q) = -3*q**2 - 4*q - 2. Let p(d) = -d**3 - 19*d**2 + 5. Let b be p(-19). Suppose -2*h - 5*l + 0 = 9, b = -5*l. Calculate z(h).
-6
Suppose -5*x + x - s + 734 = 0, 2*x + s = 368. Suppose -y = -x + 171. Let m(t) = t**3 - 12*t**2 + 11. What is m(y)?
11
Let r(x) = -117 - 32*x + 67*x - 23*x + x. Determine r(6).
-39
Suppose n + 5*b + 5 = -5, b - 2 = -n. Let x(q) = 25*q + 19*q - 30*q + q**2 + n. Let t(a) = 3*a**2 + 41*a + 14. Let d(z) = -4*t(z) + 11*x(z). Calculate d(-8).
15
Let n(x) = -234044*x**2 - 4*x + 2*x + 234045*x**2 - x**3. Let u(p) = -3*p + 1 + 8 + 4*p. Let c be u(-7). Give n(c).
-8
Let c(w) be the first derivative of -1 - w - 1/2*w**2 + 7/3*w**3. Let u be -7 - -5*24/20. Calculate c(u).
7
Let t(z) = z**3 - z**2 + z + 1. Let q be t(0). Let u(b) be the first derivative of 5*b**3/3 + b**2/2 - b - 218. What is u(q)?
5
Let y be ((-10)/(-4))/(15/(-6) + 3). Suppose -u + y = 2. Let p(w) = 0 - 5*w + 4 - w**2 - w + u. What is p(-5)?
12
Let v(k) = -k**3 + k**2 - k + 1. Let j(u) = 5*u**3 - 10*u**2 + 8*u - 3. Let f(w) = j(w) + 4*v(w). Let b = 90329 - 90325. Give f(b).
-15
Let j(o) be the first derivative of -7*o**3/3 - 3*o**2 + o + 3356. Give j(-4).
-87
Let s = -11 + 6. Let m(c) = -5*c**2 + 5*c - 10. Let y(t) = -3*t**2 + 4*t - 9. Let l(h) = -2*m(h) + 3*y(h). Give l(s).
8
Let v(m) be the third derivative of 0 + 0*m + 1/3*m**3 - 42*m**2 + 1/12*m**4. Determine v(1).
4
Let i(v) = -v**3 + 8*v**2 + v - 6. Suppose -n - 4*n = 2*x + 138, -71 = x + 2*n. Let p = x - -91. Let f be p + 6*(-2)/3. What is i(f)?
2
Let r(s) = 23*s**3 - 2*s**2 + 15*s + 15. Let j(f) = 54*f**3 - 3*f**2 + 32*f + 31. Let o(h) = 3*j(h) - 7*r(h). Determine o(-6).
6
Let p(j) be the first derivative of -1/3*j**3 + 0*j + 1/4*j**4 + 0*j**2 - 12 + 1/40*j**5. Let n(q) be the third derivative of p(q). Calculate n(-4).
-6
Let a(h) = h**3 - 4*h**2 + 3*h - 1. Let o = 76 - 74. Let z(c) = -c**2 - 12*c - 15. Let x be z(-10). Suppose -o*s + 10 = -3*p, -2*s - x*p - 2 = 2*s. Give a(s).
-3
Let n(i) be the second derivative of 27 - 3/2*i**2 + i - 1/6*i**4 - 1/2*i**3. What is n(-2)?
-5
Suppose 37*a - 605 = 61. Suppo